{"id":376,"date":"2013-05-21T14:29:43","date_gmt":"2013-05-21T12:29:43","guid":{"rendered":"http:\/\/www.lindner-dresden.de\/wp\/?page_id=26"},"modified":"2026-04-25T21:52:42","modified_gmt":"2026-04-25T19:52:42","slug":"jahresplan","status":"publish","type":"page","link":"http:\/\/ortsverein-pillnitz.de\/ovp\/jahresplan\/","title":{"rendered":"Jahresplan"},"content":{"rendered":"<p>Pfad: Was machen wir &gt; Jahresplan<\/p>\n<p>&nbsp;<\/p>\n<p><strong>Jahresplan 2026<\/strong><\/p>\n<p><a href=\"http:\/\/ortsverein-pillnitz.de\/ovp\/wp-content\/uploads\/2026\/04\/Anlage4_Arbeitsprogramm2026.pdf\" target=\"_blank\" rel=\"noopener\">Jahresplan 2026<\/a> (Bitte den Link klicken)<\/p>\n<p>&nbsp;<\/p>\n<p><strong>Jahresplan 2025<\/strong><\/p>\n<p><a href=\"http:\/\/ortsverein-pillnitz.de\/ovp\/wp-content\/uploads\/2025\/06\/Anlage3_Arbeitsprogramm2025.pdf\" target=\"_blank\" rel=\"noopener\">Jahresplan 2025<\/a> (Bitte den Link klicken)<\/p>\n<p>&nbsp;<\/p>\n<p><strong>Jahresplan 2024<\/strong><\/p>\n<p>\u2013 monatliche Vorstandssitzungen<br \/>\n\u2013 Umzug Ortsarchiv in den Elbhangtreff Niederpoyritz<br \/>\n\u2013 Heimatforschung Pillnitz und Oberpoyritz<br \/>\n\u2013 Mitarbeit BI Keppgrund<br \/>\n&#8211; Arbeitsgruppe &#8222;Nahw\u00e4rme f\u00fcr Pillnitz und Hosterwitz&#8220;<br \/>\n&nbsp;<\/p>\n<p><strong>Herbst 2024<\/strong><br \/>\nHerbstexkursion nach Bautzen, Stadtmuseum und Stadtf\u00fchrung<br \/>\nAnmeldung und weitere Informationen:<br \/>\nE-Mail: <a href=\"mailto:vorstand@ortsverein-pillnitz.de\">vorstand@ortsverein-pillnitz.de<\/a><br \/>\n&nbsp;<\/p>\n<p><strong>Freitag 05.07.2024, 11 Uhr<\/strong><br \/>\nArbeitsgruppe Nahw\u00e4rme<br \/>\nWorkshop im Stadtbezirksamt Loschwitz<br \/>\nAnmeldung und weitere Informationen:<br \/>\nE-Mail: <a href=\"mailto:pteichmann@ortsverein-pillnitz.de\">pteichmann@ortsverein-pillnitz.de<\/a><br \/>\n&nbsp;<\/p>\n<p><strong>Sonnabend und Sonntag, 29.\/30. Juni 2024 jeweils 12-19 Uhr<\/strong><br \/>\nElbhangfest 2024 &#8222;Auf die D\u00f6rfer&#8220;<br \/>\nAusstellung im Versammlungsraum des Schlosses Pillnitz<br \/>\n(Durchgang K\u00fcchenfl\u00fcgel elbseitig)<br \/>\nThema: Geschichte der Elb-D\u00f6rfer Hosterwitz, Pillnitz, Oberpoyritz und S\u00f6brigen<br \/>\nOrt: Schlos Pillnitz, Durchgang Fliederhof<br \/>\n&nbsp;<\/p>\n<p><strong>Sonnabend, 22. Juni 2024<\/strong><br \/>\nPillnitzer Gartentag<br \/>\nF\u00fchrung durch die Freifl\u00e4chen von LfULG und HTW mit Dr. Wachwitz und Prof. Rietze<br \/>\nTreffpunkt: 14 Uhr Lohmener Str. 12, vor Tor 3<br \/>\nAnmeldung und weitere Informationen:<br \/>\nE-Mail: <a href=\"mailto:vorstand@ortsverein-pillnitz.de\">vorstand@ortsverein-pillnitz.de<\/a><br \/>\n&nbsp;<\/p>\n<p><strong>Sonnabend, 15. Juni 2024<\/strong><br \/>\nFahrradtour entlang der Elbe<br \/>\nTreffpunkt: 9 Uhr F\u00e4hrstelle Pillnitz<br \/>\nAnmeldung und weitere Informationen:<br \/>\nE-Mail: <a href=\"mailto:m.teichmann@naturfarbraum.com\">m.teichmann@naturfarbraum.com<\/a><br \/>\n&nbsp;<\/p>\n<p><strong>24. Mai 2024<\/strong><br \/>\nMitgliederversammlung<br \/>\nZeit: 18 Uhr<br \/>\nOrt: Versammlungsraum Schloss Pillnitz<br \/>\n(Eingang vom Fliederhof \u00fcber Durchgang K\u00fcchenfl\u00fcgel)<br \/>\n&nbsp;<\/p>\n<p><strong>08. Mai 2024<\/strong><br \/>\nElbhang-Exkursion<br \/>\n&nbsp;<\/p>\n<p><strong>Jahresplan 2023<\/strong><\/p>\n<p>&#8211; monatliche Vorstandssitzungen<br \/>\n&#8211; Akquirierung einer neuen Unterbringung f\u00fcr das Ortsarchiv<br \/>\n&#8211; Heimatforschung Pillnitz und Niederpoyritz<br \/>\n&#8211; Erneuerung der Elbhang-Wanderwegetafeln<br \/>\n&#8211; Durchg\u00e4ngigkeit Keppgrund<br \/>\n&#8211; Exkursionen<\/p>\n<p>&nbsp;<\/p>\n<p><strong> 15. November 2023<\/strong><br \/>\nMitgliederversammlung mit Neuwahl des Vorstandes<\/p>\n<p>&nbsp;<\/p>\n<p><strong>Jahresplan 2019<\/strong><\/p>\n<p>&#8211; monatliche Vorstandssitzungen<br \/>\n&#8211; Heimatforschung Pillnitz und Niederpoyritz<br \/>\n&#8211; Vorbereitung Informationstafeln zur Ortsgeschichte und historischen Pers\u00f6nlichkeiten<br \/>\n&#8211; Aufstellen von Sitzgelegenheiten an Aussichtspunkten<br \/>\n&#8211; Aufstellen von Sitzgelegenheiten an DVB-Haltestellen<\/p>\n<p>&nbsp;<\/p>\n<p><strong>Oktober\/November 2019<\/strong><br \/>\noffenes Ortsarchiv<\/p>\n<p>&nbsp;<\/p>\n<p><strong>September\/Oktober 2019<\/strong><br \/>\nBesichtigung Chinesischer Pavillon in Dresden Wei\u00dfer Hirsch <\/p>\n<p><a href=\"https:\/\/www.chinesischer-pavillon.de\/\" target=\"_blank\" rel=\"noopener\">Chinesischer Pavillon in Dresden Wei\u00dfer Hirsch<\/a><\/p>\n<p>&nbsp;<\/p>\n<p><strong>21. September 2019<\/strong><br \/>\nHerbstwanderung <\/p>\n<p>&nbsp;<\/p>\n<p><strong>6. Juli 2019<\/strong><br \/>\nFahrradtour nach Diesbar-Seu\u00dflitz zum Weingut Lehmann<br \/>\nTreffpunkt: Pillnitzer F\u00e4hre um 9:30 Uhr<br \/>\nAnkunft: gegen 13 Uhr im Weingut Lehmann<\/p>\n<p><a href=\"http:\/\/www1.weinstube-lehmann.de\/\" title=\"Weingut Lehmann\" target=\"_blank\" rel=\"noopener\">Weinstube Lehmann Diesbar-Seu\u00dflitz<\/a><\/p>\n<p>&nbsp;<\/p>\n<p><strong>28.-30. Juni 2019<\/strong><\/p>\n<p>Ausstellung zum 29. Elbhangfest in der Bogengalerie von Schloss Pillnitz<\/p>\n<p><a href=\"http:\/\/www.elbhangfest.de\/index.php?node=6&#038;\" target=\"_blank\" rel=\"noopener\">Elbhangfest 2019<\/a><\/p>\n<p>&nbsp;<\/p>\n<p><strong> 11. April 2019<\/strong><br \/>\nJahreshauptversammlung<\/p>\n<p>&nbsp;<br \/>\n&nbsp;<\/p>\n<p><strong>Jahresplan 2018<\/strong><\/p>\n<p>&#8211; monatliche Vorstandssitzungen<br \/>\n&#8211; Heimatforschung Pillnitz und Niederpoyritz<br \/>\n&#8211; Vorbereitung Informationstafeln zur Ortsgeschichte und historischen Pers\u00f6nlichkeiten<br \/>\n&#8211; Aufstellen von Sitzgelegenheiten an Aussichtspunkten<br \/>\n&#8211; Aufstellen von Sitzgelegenheiten an DVB-Haltestellen<\/p>\n<p>&nbsp;<\/p>\n<p><strong> November 2018<\/strong><br \/>\nJahresmitgliederversammlung<\/p>\n<p>&nbsp;<\/p>\n<p><strong>Oktober 2018<\/strong><br \/>\noffenes Ortsarchiv<\/p>\n<p>&nbsp;<\/p>\n<p><strong>15. September 2018<\/strong><br \/>\nHerbstwanderung <\/p>\n<p>&nbsp;<\/p>\n<p><strong>22.-24. Juni 2018<\/strong><\/p>\n<p>Ausstellung zum 28. Elbhangfest in der Bogengalerie von Schloss Pillnitz<\/p>\n<p>&nbsp;<\/p>\n<p><strong>Mai 2018<\/strong><br \/>\noffenes Ortsarchiv<\/p>\n<p>&nbsp;<\/p>\n<p><strong>21. April 2018<\/strong><br \/>\nFr\u00fchlingswanderung <\/p>\n<p>&nbsp;<br \/>\n&nbsp;<\/p>\n<p><strong>Jahresplan 2017<\/strong><\/p>\n<p>&#8211; monatliche Vorstandssitzungen<br \/>\n&#8211; Heimatforschung Pillnitz und Niederpoyritz<br \/>\n&#8211; Vorbereitung Informationstafeln zur Ortsgeschichte und historischen Pers\u00f6nlichkeiten<\/p>\n<p>&nbsp;<\/p>\n<p><strong> 3. November 2017<\/strong><br \/>\nJahresmitgliederversammlung<\/p>\n<p>&nbsp;<\/p>\n<p><strong>23.-25. Juni 2017<\/strong><\/p>\n<p>Ausstellung zum 27. Elbhangfest in der Bogengalerie von Schloss Pillnitz<\/p>\n<p>&nbsp;<\/p>\n<p><strong>6. Mai 2017<\/strong><br \/>\nFr\u00fchlingswanderung von Pillnitz durch den Friedrichsgrund nach Zaschendorf mit dem Ziel Windm\u00fcllerhaus.<\/p>\n<p><a href=\"https:\/\/www.windmuellerhaus-zaschendorf.de\/\" title=\"Windm\u00fcllerhaus\" target=\"_blank\" rel=\"noopener\">Hausb\u00e4ckerei &#038; Caf\u00e9 Windm\u00fcllerhaus Zaschendorf<\/a><\/p>\n<p>Treffpunkt: Rathausplatz Pillnitz um 10:00 Uhr<\/p>\n<p>&nbsp;<br \/>\n&nbsp;<\/p>\n<p><strong>Jahresplan 2016<\/strong><\/p>\n<p>&#8211; monatliche Vorstandssitzungen<br \/>\n&#8211; Heimatforschung Pillnitz und Niederpoyritz<br \/>\n&#8211; Vorbereitung Informationstafeln zur Ortsgeschichte und historischen Pers\u00f6nlichkeiten<br \/>\n&#8211; Aufstellen von Sitzgelegenheiten an Aussichtspunkten\/Wanderwegen\/DVB-Haltestellen<\/p>\n<p>&nbsp;<\/p>\n<p><strong>September 2016<\/strong><\/p>\n<p>Besuch des Lapidarium Dresden<\/p>\n<p><a href=\"http:\/\/www.dresden.de\/de\/kultur\/03\/lapidarium.php\" title=\"Lapidarium der Landeshauptstadt Dresden\" target=\"_blank\" rel=\"noopener\">Lapidarium der Landeshauptstadt Dresden<\/a><\/p>\n<p>&nbsp;<\/p>\n<p><strong>24.-26. Juni 2016<\/strong><\/p>\n<p>Ausstellung zum Elbhangfest in der Bogengalerie von Schloss Pillnitz<br \/>\nThema: \u201eEnglische G\u00e4rten\u201c <\/p>\n<p>&nbsp;<\/p>\n<p><strong>18. Juni 2016<\/strong><br \/>\nFahrradtour nach Diesbar-Seu\u00dflitz zum Weingut Lehmann<br \/>\nTreffpunkt: Pillnitzer F\u00e4hre um 9:30 Uhr<br \/>\nAnkunft: gegen 13 Uhr im Weingut Lehmann<\/p>\n<p><a href=\"http:\/\/www1.weinstube-lehmann.de\/\" title=\"Weingut Lehmann\" target=\"_blank\" rel=\"noopener\">Weinstube Lehmann Diesbar-Seu\u00dflitz<\/a><\/p>\n<p>&nbsp;<\/p>\n<p><strong>21. Mai 2016<\/strong><br \/>\nJahresmitgliederversammlung<br \/>\nWo: beim Winzer Gerd Gro\u00dfmann, Pillnitz, Dampfschiffstr. 2<br \/>\n(Eingang ehem. G\u00e4rtnerei Siering)<br \/>\nWann: 19 Uhr<\/p>\n<p>&nbsp;<\/p>\n<p><strong>16. April 2016<\/strong><br \/>\nFr\u00fchlingswanderung von Pillnitz \u00fcber Graupa und Bonnewitz in Richtung Dittersbach zur &#8222;Sch\u00f6nen H\u00f6he&#8220;<br \/>\nTreffpunkt: Rathausplatz Pillnitz um 9:30 Uhr<\/p>\n<p>&nbsp;<br \/>\n&nbsp;<\/p>\n<p><strong>Jahresplan 2015<\/strong><\/p>\n<p>&#8211; monatliche Vorstandssitzungen<br \/>\n&#8211; Heimatforschung Pillnitz und Niederpoyritz<br \/>\n&#8211; Vorbereitung Informationstafeln<br \/>\n&#8211; Aufstellen von Sitzgelegenheiten an Aussichtspunkten\/Wanderwegen\/DVB-Haltestellen<\/p>\n<p>&nbsp;<\/p>\n<p><strong>27.-29. Juni 2015<\/strong><\/p>\n<p>Ausstellung zum Elbhangfest in der Bogengalerie von Schloss Pillnitz<br \/>\nThema: \u201eF\u00e4hren an der Elbe\u201c <\/p>\n<p>&nbsp;<\/p>\n<p><strong>20. Juni 2015<\/strong><br \/>\nFahrradtour nach Diesbar-Seu\u00dflitz zum Weingut Lehmann <\/p>\n<p>&nbsp;<\/p>\n<p><strong>8. Mai 2015<\/strong><br \/>\nJahresmitgliederversammlung mit vorausgehender Besichtigung der Schwebebahn in Loschwitz<\/p>\n<p>&nbsp;<\/p>\n<p><strong>29. M\u00e4rz 2015<\/strong><br \/>\nWanderung ab Bonnewitz im Raum &#8222;Hohe Br\u00fccken&#8220;<\/p>\n<p>&nbsp;<br \/>\n&nbsp;<\/p>\n<p><strong>Jahresplan 2014<\/strong><\/p>\n<p>&#8211; monatliche Vorstandssitzungen<br \/>\n&#8211; Benennung des Weges in Hosterwitz am Spielplatz in \u201ePfarrer- Reinisch-Weg\u201c<br \/>\n&#8211; Aufstellen von Tafeln an Wohnorten von Pers\u00f6nlichkeiten<\/p>\n<p>&nbsp;<\/p>\n<p><strong>November 2014<\/strong><br \/>\nGespr\u00e4chsrunde zur Sammlung des Ortsarchives im November<\/p>\n<p>&nbsp;<\/p>\n<p><strong>27.-29. Juni 2014<\/strong><\/p>\n<p> Ausstellung zum Elbhangfest<br \/>\n\u201eAn der Elbe und im Grunde &#8211; Gasth\u00e4user laden ein zur Runde\u201c <\/p>\n<p>&nbsp;<\/p>\n<p><strong>21. Juni 2014<\/strong><br \/>\nFahrradtour nach Diesbar-Seu\u00dflitz zum Weingut Lehmann <\/p>\n<p>&nbsp;<\/p>\n<p><strong>9. Mai 2014<\/strong><br \/>\nMitgliederversammlung in Pirna im Peter-Ulrich-Haus<br \/>\n(Tom-Pauls-Theater) mit F\u00fchrung<\/p>\n<p>&nbsp;<\/p>\n<p><strong>8. Februar 2014<\/strong><br \/>\nDas Webportal des Ortsvereins Pillnitz e.V. startet im Internet unter<br \/>\n&nbsp;&nbsp;   www.ortsverein-pillnitz.de<br \/>\nmit der E-Mail-Adresse<br \/>\n&nbsp;&nbsp;   vorstand@ortsverein-pillnitz.de<\/p>\n<p>&nbsp;<\/p>\n","protected":false},"excerpt":{"rendered":"<p>Pfad: Was machen wir &gt; Jahresplan &nbsp; Jahresplan 2026 Jahresplan 2026 (Bitte den Link klicken) &nbsp; Jahresplan 2025 Jahresplan 2025 (Bitte den Link klicken) &nbsp; Jahresplan 2024 \u2013 monatliche Vorstandssitzungen \u2013 Umzug Ortsarchiv in den Elbhangtreff Niederpoyritz \u2013 Heimatforschung Pillnitz und Oberpoyritz \u2013 Mitarbeit BI Keppgrund &#8211; Arbeitsgruppe &#8222;Nahw\u00e4rme f\u00fcr Pillnitz und Hosterwitz&#8220; &nbsp; Herbst [&hellip;]<\/p>\n","protected":false},"author":1,"featured_media":0,"parent":0,"menu_order":0,"comment_status":"open","ping_status":"open","template":"","meta":{"ngg_post_thumbnail":0,"footnotes":""},"_links":{"self":[{"href":"http:\/\/ortsverein-pillnitz.de\/ovp\/wp-json\/wp\/v2\/pages\/376"}],"collection":[{"href":"http:\/\/ortsverein-pillnitz.de\/ovp\/wp-json\/wp\/v2\/pages"}],"about":[{"href":"http:\/\/ortsverein-pillnitz.de\/ovp\/wp-json\/wp\/v2\/types\/page"}],"author":[{"embeddable":true,"href":"http:\/\/ortsverein-pillnitz.de\/ovp\/wp-json\/wp\/v2\/users\/1"}],"replies":[{"embeddable":true,"href":"http:\/\/ortsverein-pillnitz.de\/ovp\/wp-json\/wp\/v2\/comments?post=376"}],"version-history":[{"count":77,"href":"http:\/\/ortsverein-pillnitz.de\/ovp\/wp-json\/wp\/v2\/pages\/376\/revisions"}],"predecessor-version":[{"id":1055,"href":"http:\/\/ortsverein-pillnitz.de\/ovp\/wp-json\/wp\/v2\/pages\/376\/revisions\/1055"}],"wp:attachment":[{"href":"http:\/\/ortsverein-pillnitz.de\/ovp\/wp-json\/wp\/v2\/media?parent=376"}],"curies":[{"name":"wp","href":"https:\/\/api.w.org\/{rel}","templated":true}]}}