{"id":372,"date":"2013-05-21T13:15:25","date_gmt":"2013-05-21T11:15:25","guid":{"rendered":"http:\/\/www.lindner-dresden.de\/wp\/?page_id=12"},"modified":"2023-11-17T20:03:21","modified_gmt":"2023-11-17T18:03:21","slug":"vorstand","status":"publish","type":"page","link":"http:\/\/ortsverein-pillnitz.de\/ovp\/vorstand\/","title":{"rendered":"Vorstand"},"content":{"rendered":"<p>Pfad: Verein &gt; Vorstand<\/p>\n<p>&nbsp;<\/p>\n<p><strong>Vorstandsvorsitzender<\/strong><\/p>\n<p>Peter Teichmann<\/p>\n<p><strong>Anschrift<\/strong><\/p>\n<p>Ortsverein Pillnitz e. V.<br \/>\n\u00fcber<br \/>\n Peter Teichmann<br \/>\n Wilhelm-Wolf-Str. 11<br \/>\n 01326 Dresden<br \/>\n Tel.: 0172 35 08 282<br \/>\n E-Mail: vorstand@ortsverein-pillnitz.de<\/p>\n<p>&nbsp;<\/p>\n<p><strong>weitere Vorstandsmitglieder und Beisitzer<\/strong><\/p>\n<p>Prof. Frank-Peter Wei\u00df (2. Vorsitzender)<br \/>\nDirk Hesse (Schriftf\u00fchrer)<br \/>\nRegina H\u00f6rnig (Schatzmeisterin)<br \/>\nDieter Fischer (Beisitzer)<br \/>\nHeinz Lindner (Beisitzer)<\/p>\n<p>&nbsp;<\/p>\n<h1><img decoding=\"async\" src=\"http:\/\/ortsverein-pillnitz.de\/ovp\/wp-content\/uploads\/2023\/11\/2023-11-15-Vorstandsmitglieder-scaled.jpg\" alt=\"Vorstand\" width=366 height=220 vspace=10 hspace=40 align=\"left\" style=\"margin-right:1em\">Vorstand <br \/><\/h1>\n<p>\n(v. l. n. r.)<br \/>\nProf. Frank-Peter Wei\u00df,<br \/>\nPeter Teichmann,<br \/>\nRegina H\u00f6rnig,<br \/>\nDirk Hesse,<br \/>\nDieter Fischer,<br \/>\nHeinz Lindner <\/p>\n<p>&nbsp;<\/p>\n<p>&nbsp;<\/p>\n","protected":false},"excerpt":{"rendered":"<p>Pfad: Verein &gt; Vorstand &nbsp; Vorstandsvorsitzender Peter Teichmann Anschrift Ortsverein Pillnitz e. V. \u00fcber Peter Teichmann Wilhelm-Wolf-Str. 11 01326 Dresden Tel.: 0172 35 08 282 E-Mail: vorstand@ortsverein-pillnitz.de &nbsp; weitere Vorstandsmitglieder und Beisitzer Prof. Frank-Peter Wei\u00df (2. Vorsitzender) Dirk Hesse (Schriftf\u00fchrer) Regina H\u00f6rnig (Schatzmeisterin) Dieter Fischer (Beisitzer) Heinz Lindner (Beisitzer) &nbsp; Vorstand (v. l. n. r.) [&hellip;]<\/p>\n","protected":false},"author":1,"featured_media":0,"parent":0,"menu_order":0,"comment_status":"open","ping_status":"open","template":"","meta":{"ngg_post_thumbnail":0,"footnotes":""},"_links":{"self":[{"href":"http:\/\/ortsverein-pillnitz.de\/ovp\/wp-json\/wp\/v2\/pages\/372"}],"collection":[{"href":"http:\/\/ortsverein-pillnitz.de\/ovp\/wp-json\/wp\/v2\/pages"}],"about":[{"href":"http:\/\/ortsverein-pillnitz.de\/ovp\/wp-json\/wp\/v2\/types\/page"}],"author":[{"embeddable":true,"href":"http:\/\/ortsverein-pillnitz.de\/ovp\/wp-json\/wp\/v2\/users\/1"}],"replies":[{"embeddable":true,"href":"http:\/\/ortsverein-pillnitz.de\/ovp\/wp-json\/wp\/v2\/comments?post=372"}],"version-history":[{"count":16,"href":"http:\/\/ortsverein-pillnitz.de\/ovp\/wp-json\/wp\/v2\/pages\/372\/revisions"}],"predecessor-version":[{"id":680,"href":"http:\/\/ortsverein-pillnitz.de\/ovp\/wp-json\/wp\/v2\/pages\/372\/revisions\/680"}],"wp:attachment":[{"href":"http:\/\/ortsverein-pillnitz.de\/ovp\/wp-json\/wp\/v2\/media?parent=372"}],"curies":[{"name":"wp","href":"https:\/\/api.w.org\/{rel}","templated":true}]}}